{"id":355,"date":"2024-03-28T10:55:42","date_gmt":"2024-03-28T10:55:42","guid":{"rendered":"http:\/\/otlas.com.br\/?post_type=product&#038;p=355"},"modified":"2024-03-28T10:55:43","modified_gmt":"2024-03-28T10:55:43","slug":"premium-wood-polish-1l-spartan","status":"publish","type":"product","link":"https:\/\/otlas.com.br\/index.php\/produto\/premium-wood-polish-1l-spartan\/","title":{"rendered":"PREMIUM WOOD POLISH 1L SPARTAN"},"content":{"rendered":"","protected":false},"excerpt":{"rendered":"<div class=\"col-sm-6 col-md-8\">\n<p>Lustra m\u00f3veis, formulado com cera natural que nutre e restaura as fibras da madeira, associado ao silicone que d\u00e1 uma prote\u00e7\u00e3o hidrofugante (repelente) contra umidade, p\u00f3, l\u00edquidos, etc. Indicado especialmente para o trabalho de polimento, prote\u00e7\u00e3o e para real\u00e7ar e embelezar o brilho de m\u00f3veis em geral<\/p>\n<\/div>\n<div class=\"col-sm-6 col-md-4\"><\/div>\n","protected":false},"featured_media":356,"template":"","meta":[],"product_brand":[],"product_cat":[22,32],"product_tag":[],"class_list":{"0":"post-355","1":"product","2":"type-product","3":"status-publish","4":"has-post-thumbnail","6":"product_cat-material-de-limpeza","7":"product_cat-spartan","9":"first","10":"instock","11":"shipping-taxable","12":"product-type-simple"},"_links":{"self":[{"href":"https:\/\/otlas.com.br\/index.php\/wp-json\/wp\/v2\/product\/355","targetHints":{"allow":["GET"]}}],"collection":[{"href":"https:\/\/otlas.com.br\/index.php\/wp-json\/wp\/v2\/product"}],"about":[{"href":"https:\/\/otlas.com.br\/index.php\/wp-json\/wp\/v2\/types\/product"}],"wp:featuredmedia":[{"embeddable":true,"href":"https:\/\/otlas.com.br\/index.php\/wp-json\/wp\/v2\/media\/356"}],"wp:attachment":[{"href":"https:\/\/otlas.com.br\/index.php\/wp-json\/wp\/v2\/media?parent=355"}],"wp:term":[{"taxonomy":"product_brand","embeddable":true,"href":"https:\/\/otlas.com.br\/index.php\/wp-json\/wp\/v2\/product_brand?post=355"},{"taxonomy":"product_cat","embeddable":true,"href":"https:\/\/otlas.com.br\/index.php\/wp-json\/wp\/v2\/product_cat?post=355"},{"taxonomy":"product_tag","embeddable":true,"href":"https:\/\/otlas.com.br\/index.php\/wp-json\/wp\/v2\/product_tag?post=355"}],"curies":[{"name":"wp","href":"https:\/\/api.w.org\/{rel}","templated":true}]}}