{"id":476,"date":"2024-08-02T18:58:00","date_gmt":"2024-08-02T18:58:00","guid":{"rendered":"https:\/\/otlas.com.br\/?post_type=product&#038;p=476"},"modified":"2024-08-02T19:06:25","modified_gmt":"2024-08-02T19:06:25","slug":"coala-difusor-de-aromas-100-ml","status":"publish","type":"product","link":"https:\/\/otlas.com.br\/index.php\/produto\/coala-difusor-de-aromas-100-ml\/","title":{"rendered":"Coala Difusor de Aromas 100 ml"},"content":{"rendered":"<p>Coala Difusor de Aromas Coala \u00e9 um excelente aromatizador de ambientes, mantendo o perfume por mais tempo. Al\u00e9m de garantir o aroma, o jogo de varetas que acompanha o produto comp\u00f5e com o frasco e decora o ambiente com design moderno.<br \/>\nCom a variedade de fragr\u00e2ncias \u00e9 poss\u00edvel variar o uso entre os ambientes, garantindo sensa\u00e7\u00f5es \u00fanicas em cada um.<\/p>\n","protected":false},"excerpt":{"rendered":"<p>Coala Difusor de Aromas Coala \u00e9 um excelente aromatizador de ambientes, mantendo o perfume por mais tempo. Al\u00e9m de garantir o aroma, o jogo de varetas que acompanha o produto comp\u00f5e com o frasco e decora o ambiente com design moderno. Com a variedade de fragr\u00e2ncias \u00e9 poss\u00edvel variar o uso entre os ambientes, garantindo [&hellip;]<\/p>\n","protected":false},"featured_media":477,"template":"","meta":[],"product_brand":[],"product_cat":[22],"product_tag":[],"class_list":{"0":"post-476","1":"product","2":"type-product","3":"status-publish","4":"has-post-thumbnail","6":"product_cat-material-de-limpeza","8":"first","9":"instock","10":"shipping-taxable","11":"product-type-simple"},"_links":{"self":[{"href":"https:\/\/otlas.com.br\/index.php\/wp-json\/wp\/v2\/product\/476","targetHints":{"allow":["GET"]}}],"collection":[{"href":"https:\/\/otlas.com.br\/index.php\/wp-json\/wp\/v2\/product"}],"about":[{"href":"https:\/\/otlas.com.br\/index.php\/wp-json\/wp\/v2\/types\/product"}],"wp:featuredmedia":[{"embeddable":true,"href":"https:\/\/otlas.com.br\/index.php\/wp-json\/wp\/v2\/media\/477"}],"wp:attachment":[{"href":"https:\/\/otlas.com.br\/index.php\/wp-json\/wp\/v2\/media?parent=476"}],"wp:term":[{"taxonomy":"product_brand","embeddable":true,"href":"https:\/\/otlas.com.br\/index.php\/wp-json\/wp\/v2\/product_brand?post=476"},{"taxonomy":"product_cat","embeddable":true,"href":"https:\/\/otlas.com.br\/index.php\/wp-json\/wp\/v2\/product_cat?post=476"},{"taxonomy":"product_tag","embeddable":true,"href":"https:\/\/otlas.com.br\/index.php\/wp-json\/wp\/v2\/product_tag?post=476"}],"curies":[{"name":"wp","href":"https:\/\/api.w.org\/{rel}","templated":true}]}}