{"id":492,"date":"2024-08-02T19:34:00","date_gmt":"2024-08-02T19:34:00","guid":{"rendered":"https:\/\/otlas.com.br\/?post_type=product&#038;p=492"},"modified":"2024-08-02T19:34:00","modified_gmt":"2024-08-02T19:34:00","slug":"sabao-em-pedra-coco-urca-5x180g","status":"publish","type":"product","link":"https:\/\/otlas.com.br\/index.php\/produto\/sabao-em-pedra-coco-urca-5x180g\/","title":{"rendered":"Sab\u00e3o em Pedra Coco Urca 5x180g"},"content":{"rendered":"<p><span class=\"sc-kpDqfm qhIEo\" data-testid=\"product-detail-title\">Sab\u00e3o em Pedra Coco Urca 5x180g<\/span><\/p>\n<div class=\"sc-fqkvVR heuZyN sc-ghHZHN isFvqv\" data-testid=\"product-detail-description\">\n<div class=\"sc-fqkvVR hlqElk sc-cxVGID cMynUc\" data-testid=\"rich-content-container\">\n<p>Na exclusiva linha de Produtos de Coco da Urca, voc\u00ea encontra a neutralidade que s\u00f3 os produtos de limpeza em coco podem oferecer. Lavar roupas com Sab\u00e3o de Coco em Pedra Urca e a express\u00e3o m\u00e1xima do desejo de deixar as roupas mesmo as mais finas e delicadas o mais limpa, em todos os detalhes.<\/p>\n<\/div>\n<\/div>\n","protected":false},"excerpt":{"rendered":"<p>Sab\u00e3o em Pedra Coco Urca 5x180g Na exclusiva linha de Produtos de Coco da Urca, voc\u00ea encontra a neutralidade que s\u00f3 os produtos de limpeza em coco podem oferecer. Lavar roupas com Sab\u00e3o de Coco em Pedra Urca e a express\u00e3o m\u00e1xima do desejo de deixar as roupas mesmo as mais finas e delicadas o [&hellip;]<\/p>\n","protected":false},"featured_media":493,"template":"","meta":[],"product_brand":[],"product_cat":[22],"product_tag":[],"class_list":{"0":"post-492","1":"product","2":"type-product","3":"status-publish","4":"has-post-thumbnail","6":"product_cat-material-de-limpeza","8":"first","9":"instock","10":"shipping-taxable","11":"product-type-simple"},"_links":{"self":[{"href":"https:\/\/otlas.com.br\/index.php\/wp-json\/wp\/v2\/product\/492","targetHints":{"allow":["GET"]}}],"collection":[{"href":"https:\/\/otlas.com.br\/index.php\/wp-json\/wp\/v2\/product"}],"about":[{"href":"https:\/\/otlas.com.br\/index.php\/wp-json\/wp\/v2\/types\/product"}],"wp:featuredmedia":[{"embeddable":true,"href":"https:\/\/otlas.com.br\/index.php\/wp-json\/wp\/v2\/media\/493"}],"wp:attachment":[{"href":"https:\/\/otlas.com.br\/index.php\/wp-json\/wp\/v2\/media?parent=492"}],"wp:term":[{"taxonomy":"product_brand","embeddable":true,"href":"https:\/\/otlas.com.br\/index.php\/wp-json\/wp\/v2\/product_brand?post=492"},{"taxonomy":"product_cat","embeddable":true,"href":"https:\/\/otlas.com.br\/index.php\/wp-json\/wp\/v2\/product_cat?post=492"},{"taxonomy":"product_tag","embeddable":true,"href":"https:\/\/otlas.com.br\/index.php\/wp-json\/wp\/v2\/product_tag?post=492"}],"curies":[{"name":"wp","href":"https:\/\/api.w.org\/{rel}","templated":true}]}}