{"id":514,"date":"2024-08-03T18:35:03","date_gmt":"2024-08-03T18:35:03","guid":{"rendered":"https:\/\/otlas.com.br\/?post_type=product&#038;p=514"},"modified":"2024-08-03T18:35:03","modified_gmt":"2024-08-03T18:35:03","slug":"azulim-saponaceo","status":"publish","type":"product","link":"https:\/\/otlas.com.br\/index.php\/produto\/azulim-saponaceo\/","title":{"rendered":"AZULIM SAPON\u00c1CEO"},"content":{"rendered":"<p>Especialmente elaborado com tensoativos e abrasivos que al\u00e9m de limpar e dar brilho sem arranhar, desengordura as superf\u00edcies lav\u00e1veis de cozinhas, banheiros e pisos.<\/p>\n","protected":false},"excerpt":{"rendered":"<p>Especialmente elaborado com tensoativos e abrasivos que al\u00e9m de limpar e dar brilho sem arranhar, desengordura as superf\u00edcies lav\u00e1veis de cozinhas, banheiros e pisos.<\/p>\n","protected":false},"featured_media":515,"template":"","meta":[],"product_brand":[],"product_cat":[22],"product_tag":[],"class_list":{"0":"post-514","1":"product","2":"type-product","3":"status-publish","4":"has-post-thumbnail","6":"product_cat-material-de-limpeza","8":"first","9":"instock","10":"shipping-taxable","11":"product-type-simple"},"_links":{"self":[{"href":"https:\/\/otlas.com.br\/index.php\/wp-json\/wp\/v2\/product\/514","targetHints":{"allow":["GET"]}}],"collection":[{"href":"https:\/\/otlas.com.br\/index.php\/wp-json\/wp\/v2\/product"}],"about":[{"href":"https:\/\/otlas.com.br\/index.php\/wp-json\/wp\/v2\/types\/product"}],"wp:featuredmedia":[{"embeddable":true,"href":"https:\/\/otlas.com.br\/index.php\/wp-json\/wp\/v2\/media\/515"}],"wp:attachment":[{"href":"https:\/\/otlas.com.br\/index.php\/wp-json\/wp\/v2\/media?parent=514"}],"wp:term":[{"taxonomy":"product_brand","embeddable":true,"href":"https:\/\/otlas.com.br\/index.php\/wp-json\/wp\/v2\/product_brand?post=514"},{"taxonomy":"product_cat","embeddable":true,"href":"https:\/\/otlas.com.br\/index.php\/wp-json\/wp\/v2\/product_cat?post=514"},{"taxonomy":"product_tag","embeddable":true,"href":"https:\/\/otlas.com.br\/index.php\/wp-json\/wp\/v2\/product_tag?post=514"}],"curies":[{"name":"wp","href":"https:\/\/api.w.org\/{rel}","templated":true}]}}